c48
In base 4, what is -2013023 - -11?
-2013012
In base 5, what is -2322222 - -10?
-2322212
In base 3, what is 1012012 + -20?
1011222
In base 8, what is -10227 - 167?
-10416
In base 11, what is -3 + -992a?
-9932
In base 5, what is -13112 + 33?
-13024
In base 10, what is 193 + 11747?
11940
In base 3, what is -1000 + 102221111?
102220111
In base 6, what is -102 + 4515?
4413
In base 2, what is -10101 - -10011010101001011?
10011010100110110
In base 2, what is 1 - -10001000101110100?
10001000101110101
In base 2, what is -10 - -110110001110110111010?
110110001110110111000
In base 16, what is -48cb + -8?
-48d3
In base 3, what is -12111 - -1012?
-11022
In base 3, what is -210211211221 - -11?
-210211211210
In base 4, what is -30131 + -1331221?
-2022012
In base 7, what is -36413 + -32?
-36445
In base 5, what is -200 + 300340?
300140
In base 7, what is 6 - 3146?
-3140
In base 14, what is -31 + cb?
9a
In base 9, what is -13080 - 25?
-13115
In base 6, what is 0 + -2332214?
-2332214
In base 10, what is -14 - 478?
-492
In base 2, what is -1111 + 100110000000001111?
100110000000000000
In base 3, what is -212112102 + -10?
-212112112
In base 3, what is -2212 + -20100?
-100012
In base 14, what is 1a - 802?
-7c6
In base 15, what is 0 + -21718?
-21718
In base 6, what is 155 - 1313?
-1114
In base 2, what is -10 + 101110111101011?
101110111101001
In base 5, what is -222 - 1044444?
-1100221
In base 7, what is 46 - 422?
-343
In base 6, what is 4544 + 11002?
15550
In base 13, what is -33 + -35141?
-35174
In base 12, what is -1 + 535?
534
In base 14, what is -2d + -112?
-141
In base 9, what is -163007 + -3?
-163011
In base 12, what is 36725 - -4?
36729
In base 15, what is -cc + -72?
-14e
In base 10, what is 23115 + 254?
23369
In base 13, what is -b3 + 4c?
-64
In base 3, what is -101201201 + 201121?
-101000010
In base 16, what is -3d6 + -6?
-3dc
In base 14, what is -14 + -24ca4?
-24cb8
In base 15, what is 39352 - 0?
39352
In base 15, what is -3 + c676c?
c6769
In base 9, what is -32 - -506?
464
In base 7, what is 106016 - -14?
106033
In base 9, what is -284 + -1801?
-2185
In base 14, what is -3 - -62b5b?
62b58
In base 15, what is 1bb - -3b6?
582
In base 5, what is -1242301211 + -10?
-1242301221
In base 2, what is 100 - 100111010?
-100110110
In base 9, what is -102 + -18681?
-18783
In base 3, what is -20212 - -2020?
-11122
In base 3, what is 1 - 122000222?
-122000221
In base 13, what is -ac1 - -19?
-aa5
In base 6, what is 121 + 1504?
2025
In base 9, what is -2 + 1304025?
1304023
In base 11, what is -4 + -4790a?
-47913
In base 12, what is -3a15 - -77?
-395a
In base 10, what is 1455659 - 3?
1455656
In base 8, what is -13334 + -20?
-13354
In base 14, what is 2 - -2781b5?
2781b7
In base 11, what is 226 - -8013?
8239
In base 8, what is -1203 - 105?
-1310
In base 12, what is 2646 + -37?
260b
In base 14, what is -1 - c029a?
-c029b
In base 14, what is -193b5b + -2?
-193b5d
In base 5, what is -122014 - -2?
-122012
In base 8, what is 263 - -1?
264
In base 3, what is -2200201 - -112021?
-2011110
In base 12, what is -52b57 - 13?
-52b6a
In base 13, what is -2 - -137c4?
137c2
In base 4, what is -1 + -2002122?
-2002123
In base 5, what is -2404 + 10213?
2304
In base 13, what is 5 - 1165?
-1160
In base 3, what is 1 + 1222210022201?
1222210022202
In base 4, what is 13101 - -3301?
23002
In base 12, what is -289291a + 1?
-2892919
In base 13, what is 3 + -1654c?
-16549
In base 8, what is -5253 - 11?
-5264
In base 5, what is -442420030 + -10?
-442420040
In base 4, what is 123 + 230120?
230303
In base 9, what is -535 + -2381?
-3026
In base 15, what is -2b1 - -49a?
1d9
In base 13, what is 26 - -18b7?
1910
In base 15, what is -756 + 63?
-6e3
In base 16, what is -1d1 - 1?
-1d2
In base 4, what is -20313 + 3001202?
2320223
In base 8, what is 126 + -1243?
-1115
In base 9, what is -1 + -1571?
-1572
In base 13, what is -270 - 1882?
-1b22
In base 16, what is 4 + 61b1?
61b5
In base 5, what is 4221 + 140?
4411
In base 14, what is -2ac6c5 + -2?
-2ac6c7
In base 9, what is 188455 + 6?
188462
In base 13, what is -c51 - 36a?
-12bb
In base 14, what is -3 + 3bd7d?
3bd7a
In base 14, what is -4 - 1cab3?
-1cab7
In base 11, what is -2 - -6080?
6079
In base 13, what is 179 + -31?
148
In base 8, what is 4224021 + 0?
4224021
In base 10, what is 5546 - -19?
5565
In base 7, what is 20362 + -132?
20230
In base 14, what is -382 + -1141?
-14c3
In base 2, what is 100011 - -1011110?
10000001
In base 10, what is -14 - -8829?
8815
In base 14, what is 11809 + -2?
11807
In base 4, what is 3 + 300100021?
300100030
In base 15, what is 1d0 - 243?
-63
In base 7, what is -16551 - 425?
-20306
In base 11, what is -2 - 2a2242?
-2a2244
In base 11, what is 10 - 37804?
-377a4
In base 10, what is 474502 - 6?
474496
In base 6, what is 12 - -10455?
10511
In base 6, what is -100123 - -5?
-100114
In base 3, what is -111 - 1020122021?
-1020122202
In base 12, what is 2 - 110a07?
-110a05
In base 13, what is -64 - -35a6?
3542
In base 13, what is 656b + -6?
6565
In base 2, what is 1110001 + 101000100?
110110101
In base 7, what is 2 + -4345221?
-4345216
In base 7, what is 16145 - 26?
16116
In base 5, what is 1012 + -11243?
-10231
In base 5, what is -431414 - 14?
-431433
In base 15, what is -3535 + -e0?
-3625
In base 6, what is 453404 + -11?
453353
In base 8, what is -22366 + -6?
-22374
In base 4, what is 200100 + 2?
200102
In base 9, what is -15 - -106202?
106176
In base 11, what is -1a6 + -139?
-334
In base 4, what is 3011320331 - 11?
3011320320
In base 4, what is -113230131 + -1?
-113230132
In base 9, what is 185 + 255?
451
In base 10, what is -3 + 9854?
9851
In base 12, what is 13 + 477b5?
47808
In base 4, what is 312120003 - -11?
312120020
In base 4, what is -11230322 + 11?
-11230311
In base 4, what is 1333031 - 0?
1333031
In base 8, what is -5621 + -102?
-5723
In base 6, what is 204111 - 525?
203142
In base 4, what is -30 - -13313?
13223
In base 10, what is 1651 + 2325?
3976
In base 11, what is 416 + -38?
389
In base 3, what is 2 - 1200211220?
-1200211211
In base 11, what is -221 + -2225?
-2446
In base 3, what is -10 - 211112001?
-211112011
In base 7, what is 44312 - 4?
44305
In base 13, what is 8 - -71b5?
71c0
In base 16, what is 3f - 569c?
-565d
In base 14, what is 11 + -76?
-65
In base 3, what is 12 - 1011101202?
-1011101120
In base 15, what is 5 + a841?
a846
In base 10, what is 4 + -997908?
-997904
In base 14, what is -44 - 354a?
-3590
In base 7, what is 14 + -1213302?
-1213255
In base 11, what is a569 - -3?
a571
In base 10, what is 940426 + -4?
940422
In base 5, what is -2411213 - -31?
-2411132
In base 7, what is -13151054 - -4?
-13151050
In base 10, what is 1091273 + 2?
1091275
In base 9, what is -115573 - 2?
-115575
In base 10, what is 44 - -1548?
1592
In base 11, what is -4 - 429486?
-42948a
In base 15, what is 5 + 7c2eb?
7c301
In base 3, what is -101020 + 1210?
-22110
In base 4, what is -1022201 - 12?
-1022213
In base 15, what is 2592 + -79?
2518
In base 7, what is -1204424 + 5?
-1204416
In base 8, what is 26310 - -5?
26315
In base 3, what is -111 + 10111111110?
10111110222
In base 7, what is -434123 - -1?
-434122
In base 2, what is -1101000011001010 - -1001?
-1101000011000001
In base 6, what is -10224 + 2134?
-4050
In base 8, what is -26 - -1017?
771
In base 11, what is -457 - 114?
-570
In base 11, what is -978235 - -5?
-978230
In base 12, what is -2598 + 1?
-2597
In base 11, what is 437 + 257?
693
In base 5, what is -3030210 + 10?
-3030200
In base 2, what is -100010010001101 + 100001?
-100010001101100
In base 11, what is -3 + 32624a?
326247
In base 6, what is 22321 + 2434?
25155
In base 4, what is -12 - 13112303?
-13112321
In base 9, what is 5120 + -4?
5115
In base 6, what is -1 - -20455402?
20455401
In base 15, what is 4 - 767a?
-7676
In base 11, what is -29a02 + 2?
-29a00
In base 4, what is 33112 - -10310?
110022
In base 9, what is -14503 + 12?
-14481
In base 8, what is -42672 + -27?
-42721
In base 3, what is -122100102100110 + -1?
-122100102100111
In base 10, what is -18 - -6060?
6042
In base 9, what is -2421 + -25?
-2446
In base 16, what is -3ecef6 - -4?
-3ecef2
In base 11, what is -17 - -1a69?
1a52
In base 13, what is -309a + -8c?
-3159
In base 8, what is -63 - -150214?
150131
In base 13, what is 49 - 211?
-195
In base 5, what